{"id":89,"date":"2016-07-10T04:02:23","date_gmt":"2016-07-10T02:02:23","guid":{"rendered":"http:\/\/ayitimizik.net\/?page_id=89"},"modified":"2018-12-25T00:46:17","modified_gmt":"2018-12-24T23:46:17","slug":"centre-de-ressources","status":"publish","type":"page","link":"http:\/\/ayitimizik.net\/index.php\/centre-de-ressources\/","title":{"rendered":"CENTRE DE RESSOURCES"},"content":{"rendered":"<p><img loading=\"lazy\" class=\"aligncenter size-large wp-image-877\" src=\"http:\/\/ayitimizik.net\/wp-content\/uploads\/2018\/08\/Logo_Kaymizikla_ok-1024x312.jpg\" alt=\"\" width=\"660\" height=\"201\" srcset=\"http:\/\/ayitimizik.net\/wp-content\/uploads\/2018\/08\/Logo_Kaymizikla_ok-1024x312.jpg 1024w, http:\/\/ayitimizik.net\/wp-content\/uploads\/2018\/08\/Logo_Kaymizikla_ok-900x274.jpg 900w, http:\/\/ayitimizik.net\/wp-content\/uploads\/2018\/08\/Logo_Kaymizikla_ok-768x234.jpg 768w, http:\/\/ayitimizik.net\/wp-content\/uploads\/2018\/08\/Logo_Kaymizikla_ok.jpg 1102w\" sizes=\"(max-width: 660px) 100vw, 660px\" \/><\/p>\n<p>De juillet 2012 \u00e0 d\u00e9cembre 2017, AYITI MIZIK a mis en oeuvre le premier centre de ressources pour la musique en Ha\u00efti, baptis\u00e9\u00a0<span style=\"color: #ff6600;\"><strong>KAY MIZIK LA<\/strong><span style=\"color: #333333;\">.<\/span><\/span><\/p>\n<p>Kay Mizik La\u00a0est un espace qui vise porter une r\u00e9ponse globale \u00e0 tous les besoins et toutes les interrogations des professionnels de la musique, des d\u00e9butants aux plus confirm\u00e9s, repr\u00e9sentant tous les corps de m\u00e9tiers et tous les styles de musique.<\/p>\n<p>Inaugur\u00e9 en juillet 2012, Kay Mizik La a d&rsquo;abord \u00e9t\u00e9 situ\u00e9 sur Lalue, \u00a0puis \u00e0 la rue Roy, et enfin dans les locaux du Villate, \u00e0 P\u00e9tion-ville.<\/p>\n<div id=\"attachment_1265\" style=\"width: 960px\" class=\"wp-caption aligncenter\"><img aria-describedby=\"caption-attachment-1265\" loading=\"lazy\" class=\"size-full wp-image-1265\" src=\"http:\/\/ayitimizik.net\/wp-content\/uploads\/2018\/12\/9-2.jpg\" alt=\"\" width=\"950\" height=\"713\" srcset=\"http:\/\/ayitimizik.net\/wp-content\/uploads\/2018\/12\/9-2.jpg 950w, http:\/\/ayitimizik.net\/wp-content\/uploads\/2018\/12\/9-2-564x423.jpg 564w, http:\/\/ayitimizik.net\/wp-content\/uploads\/2018\/12\/9-2-768x576.jpg 768w, http:\/\/ayitimizik.net\/wp-content\/uploads\/2018\/12\/9-2-400x300.jpg 400w\" sizes=\"(max-width: 950px) 100vw, 950px\" \/><p id=\"caption-attachment-1265\" class=\"wp-caption-text\">Kay Mizik La, ruelle Roy, avec la guitariste Ana Mar\u00eda Rosado<\/p><\/div>\n<p>La m\u00e9diath\u00e8que de Kay Mizik La r\u00e9pond aux besoins d\u2019information des professionnels de la banque: informations sonores gr\u00e2ce \u00e0 une collection de 9000 titres \u2013 majoritairement ha\u00eftiens &#8211; t\u00e9l\u00e9charg\u00e9s sur Itunes, DVD et vid\u00e9os en ligne, partitions, monographies diverses, plus de 200 ouvrages sp\u00e9cialis\u00e9s, annuaires, guides et m\u00e9thodes qui leur permettent d\u2019\u00e9largir leurs connaissances et leurs r\u00e9seaux professionnels. La consultation se fait sur place, de\u00a0mani\u00e8re libre ou guid\u00e9e par le responsable de la m\u00e9diath\u00e8que.<\/p>\n<p>Le service du conseil professionnel re\u00e7oit les professionnels sur rendez-vous. Vous avez besoin d\u2019une r\u00e9ponse pr\u00e9cise sur un des multiples aspects du secteur de la musique\u00a0? Vous souhaitez une consultation personnalis\u00e9e pour d\u00e9velopper votre projet ou vous lancer dans une nouvelle aventure\u00a0? Le responsable du conseil professionnel est l\u00e0 pour vous \u00e9couter et vous mettre en relation avec les professionnels qui sauront vous orienter.<\/p>\n<p>La salle de cours re\u00e7oit des formations r\u00e9guli\u00e8res, comme le cours de solf\u00e8ge pour d\u00e9butants, ou des ateliers ponctuels\u00a0: batterie et percussions, management, guitare, son <em>live<\/em>, \u00e9clairage de sc\u00e8ne, etc. Elle accueille aussi les \u00ab\u00a0chita pale\u00a0\u00bb o\u00f9 les professionnels de l\u2019ensemble du secteur partagent leurs connaissances et leurs pr\u00e9occupations sur des questions th\u00e9matiques diverses.<\/p>\n<p>Les diff\u00e9rents espaces de Kay Mizik La sont modulables pour s\u2019adapter \u00e0 l\u2019actualit\u00e9 des professionnels: vente-signature, rencontres associatives, r\u00e9union pour \u00e9v\u00e9nements, etc.<\/p>\n<p>Port\u00e9 par la Fondation Ha\u00efti Jazz et dirig\u00e9 par un comit\u00e9 de pilotage mixte (Ayiti Mizik, Fondation Ha\u00efti Jazz et Caracoli), le Centre a \u00e9t\u00e9 financ\u00e9 par l\u2019Union Europ\u00e9enne \u00e0 travers le programme Arcades, l&rsquo;UNESCO, l&rsquo;Organisation Internationale de la Francophonie, la MINUSTAH, l&rsquo;Ambassade de Suisse en Ha\u00efti, la Fondation Konesans e Lib\u00e8te (FOKAL).<\/p>\n<p>En d\u00e9cembre 2017,\u00a0pour des raisons \u00e9conomiques, AYITI MIZIK a d\u00fb fermer le Centre de Ressources pour la musique, Kay Mizik La.<\/p>\n<p>Les partitions et guides pratiques ont \u00e9t\u00e9 remis \u00e0 la biblioth\u00e8que du Coll\u00e8ge Cats Pressoir. Les ouvrages techniques, biographies, documentaires, etc. ont \u00e9t\u00e9 d\u00e9pos\u00e9s au Centre Culturel Br\u00e9sil-Ha\u00efti\u00a0; ils restent \u00e0 la disposition des membres au 168, angles des rues Daguin et Goulard, Place Boyer, P\u00e9tion-ville (horaires de consultation\u00a0: de 9am \u00e0 5pm du lundi au vendredi\u00a0; de 9am \u00e0 12pm le samedi).<\/p>\n<p>Consulter la programmation pass\u00e9e de Kay Mizik La <a href=\"http:\/\/ayitimizik.net\/index.php\/category\/kay-mizik-la\/\">ici<\/a>.<\/p>\n","protected":false},"excerpt":{"rendered":"<p>De juillet 2012 \u00e0 d\u00e9cembre 2017, AYITI MIZIK a mis en oeuvre le premier centre de ressources pour la musique en Ha\u00efti, baptis\u00e9\u00a0KAY MIZIK LA. Kay Mizik La\u00a0est un espace qui vise porter une r\u00e9ponse globale \u00e0 tous les besoins &hellip; <a href=\"http:\/\/ayitimizik.net\/index.php\/centre-de-ressources\/\">Continuer la lecture <span class=\"meta-nav\">&rarr;<\/span><\/a><\/p>\n","protected":false},"author":2,"featured_media":0,"parent":0,"menu_order":0,"comment_status":"closed","ping_status":"closed","template":"","meta":[],"_links":{"self":[{"href":"http:\/\/ayitimizik.net\/index.php\/wp-json\/wp\/v2\/pages\/89"}],"collection":[{"href":"http:\/\/ayitimizik.net\/index.php\/wp-json\/wp\/v2\/pages"}],"about":[{"href":"http:\/\/ayitimizik.net\/index.php\/wp-json\/wp\/v2\/types\/page"}],"author":[{"embeddable":true,"href":"http:\/\/ayitimizik.net\/index.php\/wp-json\/wp\/v2\/users\/2"}],"replies":[{"embeddable":true,"href":"http:\/\/ayitimizik.net\/index.php\/wp-json\/wp\/v2\/comments?post=89"}],"version-history":[{"count":17,"href":"http:\/\/ayitimizik.net\/index.php\/wp-json\/wp\/v2\/pages\/89\/revisions"}],"predecessor-version":[{"id":1269,"href":"http:\/\/ayitimizik.net\/index.php\/wp-json\/wp\/v2\/pages\/89\/revisions\/1269"}],"wp:attachment":[{"href":"http:\/\/ayitimizik.net\/index.php\/wp-json\/wp\/v2\/media?parent=89"}],"curies":[{"name":"wp","href":"https:\/\/api.w.org\/{rel}","templated":true}]}}

<p><img loading="lazy" class="aligncenter size-large wp-image-877" src="http://ayitimizik.net/wp-content/uploads/2018/08/Logo_Kaymizikla_ok-1024x312.jpg" alt="" width="660" height="201" srcset="http://ayitimizik.net/wp-content/uploads/2018/08/Logo_Kaymizikla_ok-1024x312.jpg 1024w, http://ayitimizik.net/wp-content/uploads/2018/08/Logo_Kaymizikla_ok-900x274.jpg 900w, http://ayitimizik.net/wp-content/uploads/2018/08/Logo_Kaymizikla_ok-768x234.jpg 768w, http://ayitimizik.net/wp-content/uploads/2018/08/Logo_Kaymizikla_ok.jpg 1102w" sizes="(max-width: 660px) 100vw, 660px" /></p>
<p>De juillet 2012 à décembre 2017, AYITI MIZIK a mis en oeuvre le premier centre de ressources pour la musique en Haïti, baptisé <span style="color: #ff6600;"><strong>KAY MIZIK LA</strong><span style="color: #333333;">.</span></span></p>
<p>Kay Mizik La est un espace qui vise porter une réponse globale à tous les besoins et toutes les interrogations des professionnels de la musique, des débutants aux plus confirmés, représentant tous les corps de métiers et tous les styles de musique.</p>
<p>Inauguré en juillet 2012, Kay Mizik La a d&rsquo;abord été situé sur Lalue,  puis à la rue Roy, et enfin dans les locaux du Villate, à Pétion-ville.</p>
<div id="attachment_1265" style="width: 960px" class="wp-caption aligncenter"><img aria-describedby="caption-attachment-1265" loading="lazy" class="size-full wp-image-1265" src="http://ayitimizik.net/wp-content/uploads/2018/12/9-2.jpg" alt="" width="950" height="713" srcset="http://ayitimizik.net/wp-content/uploads/2018/12/9-2.jpg 950w, http://ayitimizik.net/wp-content/uploads/2018/12/9-2-564x423.jpg 564w, http://ayitimizik.net/wp-content/uploads/2018/12/9-2-768x576.jpg 768w, http://ayitimizik.net/wp-content/uploads/2018/12/9-2-400x300.jpg 400w" sizes="(max-width: 950px) 100vw, 950px" /><p id="caption-attachment-1265" class="wp-caption-text">Kay Mizik La, ruelle Roy, avec la guitariste Ana María Rosado</p></div>
<p>La médiathèque de Kay Mizik La répond aux besoins d’information des professionnels de la banque: informations sonores grâce à une collection de 9000 titres – majoritairement haïtiens &#8211; téléchargés sur Itunes, DVD et vidéos en ligne, partitions, monographies diverses, plus de 200 ouvrages spécialisés, annuaires, guides et méthodes qui leur permettent d’élargir leurs connaissances et leurs réseaux professionnels. La consultation se fait sur place, de manière libre ou guidée par le responsable de la médiathèque.</p>
<p>Le service du conseil professionnel reçoit les professionnels sur rendez-vous. Vous avez besoin d’une réponse précise sur un des multiples aspects du secteur de la musique ? Vous souhaitez une consultation personnalisée pour développer votre projet ou vous lancer dans une nouvelle aventure ? Le responsable du conseil professionnel est là pour vous écouter et vous mettre en relation avec les professionnels qui sauront vous orienter.</p>
<p>La salle de cours reçoit des formations régulières, comme le cours de solfège pour débutants, ou des ateliers ponctuels : batterie et percussions, management, guitare, son <em>live</em>, éclairage de scène, etc. Elle accueille aussi les « chita pale » où les professionnels de l’ensemble du secteur partagent leurs connaissances et leurs préoccupations sur des questions thématiques diverses.</p>
<p>Les différents espaces de Kay Mizik La sont modulables pour s’adapter à l’actualité des professionnels: vente-signature, rencontres associatives, réunion pour événements, etc.</p>
<p>Porté par la Fondation Haïti Jazz et dirigé par un comité de pilotage mixte (Ayiti Mizik, Fondation Haïti Jazz et Caracoli), le Centre a été financé par l’Union Européenne à travers le programme Arcades, l&rsquo;UNESCO, l&rsquo;Organisation Internationale de la Francophonie, la MINUSTAH, l&rsquo;Ambassade de Suisse en Haïti, la Fondation Konesans e Libète (FOKAL).</p>
<p>En décembre 2017, pour des raisons économiques, AYITI MIZIK a dû fermer le Centre de Ressources pour la musique, Kay Mizik La.</p>
<p>Les partitions et guides pratiques ont été remis à la bibliothèque du Collège Cats Pressoir. Les ouvrages techniques, biographies, documentaires, etc. ont été déposés au Centre Culturel Brésil-Haïti ; ils restent à la disposition des membres au 168, angles des rues Daguin et Goulard, Place Boyer, Pétion-ville (horaires de consultation : de 9am à 5pm du lundi au vendredi ; de 9am à 12pm le samedi).</p>
<p>Consulter la programmation passée de Kay Mizik La <a href="http://ayitimizik.net/index.php/category/kay-mizik-la/">ici</a>.</p>

<p>De juillet 2012 à décembre 2017, AYITI MIZIK a mis en oeuvre le premier centre de ressources pour la musique en Haïti, baptisé KAY MIZIK LA. Kay Mizik La est un espace qui vise porter une réponse globale à tous les besoins &hellip; <a href="http://ayitimizik.net/index.php/centre-de-ressources/">Continuer la lecture <span class="meta-nav">&rarr;</span></a></p>
