{"id":850,"date":"2018-08-28T23:32:40","date_gmt":"2018-08-28T21:32:40","guid":{"rendered":"http:\/\/ayitimizik.net\/?page_id=850"},"modified":"2018-08-29T00:40:41","modified_gmt":"2018-08-28T22:40:41","slug":"devenir-membre","status":"publish","type":"page","link":"http:\/\/ayitimizik.net\/index.php\/devenir-membre\/","title":{"rendered":"DEVENIR MEMBRE"},"content":{"rendered":"<p><strong><span style=\"color: #ff6600;\">INFORMATIONS PRATIQUES <\/span><\/strong><\/p>\n<p>Le tarif de l&rsquo;adh\u00e9sion \u00e0 AYITI MIZIK est fix\u00e9 \u00e0 1000 gourdes<\/p>\n<p>L&rsquo;adh\u00e9sion est renouvelable chaque ann\u00e9e, au mois de juillet<\/p>\n<p>T\u00e9l\u00e9charger le <a href=\"http:\/\/ayitimizik.net\/wp-content\/uploads\/2018\/08\/formulaire-adhesion-ayiti-mizik.pdf\">formulaire d&rsquo;adh\u00e9sion \u00e0 Ayiti Mizik<\/a><\/p>\n<p>Puis contacter Ayiti Mizik par email (<a href=\"mailto:info@ayitimizik.ht\">info@ayitimizik.ht<\/a>) ou t\u00e9l\u00e9phone : +509\u00a028 13 1143<\/p>\n<p>&nbsp;<\/p>\n","protected":false},"excerpt":{"rendered":"<p>INFORMATIONS PRATIQUES Le tarif de l&rsquo;adh\u00e9sion \u00e0 AYITI MIZIK est fix\u00e9 \u00e0 1000 gourdes L&rsquo;adh\u00e9sion est renouvelable chaque ann\u00e9e, au mois de juillet T\u00e9l\u00e9charger le formulaire d&rsquo;adh\u00e9sion \u00e0 Ayiti Mizik Puis contacter Ayiti Mizik par email (info@ayitimizik.ht) ou t\u00e9l\u00e9phone : &hellip; <a href=\"http:\/\/ayitimizik.net\/index.php\/devenir-membre\/\">Continuer la lecture <span class=\"meta-nav\">&rarr;<\/span><\/a><\/p>\n","protected":false},"author":2,"featured_media":0,"parent":0,"menu_order":0,"comment_status":"closed","ping_status":"closed","template":"","meta":[],"_links":{"self":[{"href":"http:\/\/ayitimizik.net\/index.php\/wp-json\/wp\/v2\/pages\/850"}],"collection":[{"href":"http:\/\/ayitimizik.net\/index.php\/wp-json\/wp\/v2\/pages"}],"about":[{"href":"http:\/\/ayitimizik.net\/index.php\/wp-json\/wp\/v2\/types\/page"}],"author":[{"embeddable":true,"href":"http:\/\/ayitimizik.net\/index.php\/wp-json\/wp\/v2\/users\/2"}],"replies":[{"embeddable":true,"href":"http:\/\/ayitimizik.net\/index.php\/wp-json\/wp\/v2\/comments?post=850"}],"version-history":[{"count":6,"href":"http:\/\/ayitimizik.net\/index.php\/wp-json\/wp\/v2\/pages\/850\/revisions"}],"predecessor-version":[{"id":871,"href":"http:\/\/ayitimizik.net\/index.php\/wp-json\/wp\/v2\/pages\/850\/revisions\/871"}],"wp:attachment":[{"href":"http:\/\/ayitimizik.net\/index.php\/wp-json\/wp\/v2\/media?parent=850"}],"curies":[{"name":"wp","href":"https:\/\/api.w.org\/{rel}","templated":true}]}}