{"id":840,"date":"2018-08-28T23:14:15","date_gmt":"2018-08-28T21:14:15","guid":{"rendered":"http:\/\/ayitimizik.net\/?page_id=840"},"modified":"2018-09-17T23:07:25","modified_gmt":"2018-09-17T21:07:25","slug":"projets-divers","status":"publish","type":"page","link":"http:\/\/ayitimizik.net\/index.php\/projets-divers\/","title":{"rendered":"PROJETS DIVERS"},"content":{"rendered":"<p>AYITI MIZIK m\u00e8ne r\u00e9guli\u00e8rement des projets vari\u00e9s, en partenariat avec des institutions locales et internationales:<\/p>\n<ul>\n<li><a href=\"http:\/\/ayitimizik.net\/index.php\/iconotheque\/\">ICONES DE LA MUSIQUE HAITIENNE<\/a> avec la Fondation Ha\u00efti Jazz, 2010-2011<\/li>\n<li><a href=\"http:\/\/ayitimizik.net\/index.php\/sak-pase-ayiti\/\">SAK PASE AYITI<\/a> avec la Fondation Ha\u00efti Jazz, 2011<\/li>\n<li>Compilation <a href=\"http:\/\/ayitimizik.net\/index.php\/compilation-haitian-music-today\/\">HAITIAN MUSIC TODAY<\/a> avec l&rsquo;Institut Fran\u00e7ais en Ha\u00efti, 2012<\/li>\n<li><a href=\"http:\/\/ayitimizik.net\/index.php\/workshop-jeunes-talents\/\">WORKSHOPS JEUNES TALENTS<\/a> avec l&rsquo;Institut Fran\u00e7ais en Ha\u00efti, 2015-2016<\/li>\n<li><a href=\"http:\/\/ayitimizik.net\/index.php\/plateau-jeunes-talents-2\/\">PLATEAU JEUNES TALENTS<\/a> avec l&rsquo;association belge Talia, 2015-2018<\/li>\n<li><a href=\"http:\/\/ayitimizik.net\/index.php\/cartographie\/\">CARTOGRAPHIE DE L&rsquo;INDUSTRIE HAITIENNE DE LA MUSIQUE<\/a>, 2016-2017<\/li>\n<\/ul>\n","protected":false},"excerpt":{"rendered":"<p>AYITI MIZIK m\u00e8ne r\u00e9guli\u00e8rement des projets vari\u00e9s, en partenariat avec des institutions locales et internationales: ICONES DE LA MUSIQUE HAITIENNE avec la Fondation Ha\u00efti Jazz, 2010-2011 SAK PASE AYITI avec la Fondation Ha\u00efti Jazz, 2011 Compilation HAITIAN MUSIC TODAY avec &hellip; <a href=\"http:\/\/ayitimizik.net\/index.php\/projets-divers\/\">Continuer la lecture <span class=\"meta-nav\">&rarr;<\/span><\/a><\/p>\n","protected":false},"author":2,"featured_media":0,"parent":0,"menu_order":0,"comment_status":"closed","ping_status":"closed","template":"","meta":[],"_links":{"self":[{"href":"http:\/\/ayitimizik.net\/index.php\/wp-json\/wp\/v2\/pages\/840"}],"collection":[{"href":"http:\/\/ayitimizik.net\/index.php\/wp-json\/wp\/v2\/pages"}],"about":[{"href":"http:\/\/ayitimizik.net\/index.php\/wp-json\/wp\/v2\/types\/page"}],"author":[{"embeddable":true,"href":"http:\/\/ayitimizik.net\/index.php\/wp-json\/wp\/v2\/users\/2"}],"replies":[{"embeddable":true,"href":"http:\/\/ayitimizik.net\/index.php\/wp-json\/wp\/v2\/comments?post=840"}],"version-history":[{"count":9,"href":"http:\/\/ayitimizik.net\/index.php\/wp-json\/wp\/v2\/pages\/840\/revisions"}],"predecessor-version":[{"id":1216,"href":"http:\/\/ayitimizik.net\/index.php\/wp-json\/wp\/v2\/pages\/840\/revisions\/1216"}],"wp:attachment":[{"href":"http:\/\/ayitimizik.net\/index.php\/wp-json\/wp\/v2\/media?parent=840"}],"curies":[{"name":"wp","href":"https:\/\/api.w.org\/{rel}","templated":true}]}}

<p>AYITI MIZIK mène régulièrement des projets variés, en partenariat avec des institutions locales et internationales:</p>
<ul>
<li><a href="http://ayitimizik.net/index.php/iconotheque/">ICONES DE LA MUSIQUE HAITIENNE</a> avec la Fondation Haïti Jazz, 2010-2011</li>
<li><a href="http://ayitimizik.net/index.php/sak-pase-ayiti/">SAK PASE AYITI</a> avec la Fondation Haïti Jazz, 2011</li>
<li>Compilation <a href="http://ayitimizik.net/index.php/compilation-haitian-music-today/">HAITIAN MUSIC TODAY</a> avec l&rsquo;Institut Français en Haïti, 2012</li>
<li><a href="http://ayitimizik.net/index.php/workshop-jeunes-talents/">WORKSHOPS JEUNES TALENTS</a> avec l&rsquo;Institut Français en Haïti, 2015-2016</li>
<li><a href="http://ayitimizik.net/index.php/plateau-jeunes-talents-2/">PLATEAU JEUNES TALENTS</a> avec l&rsquo;association belge Talia, 2015-2018</li>
<li><a href="http://ayitimizik.net/index.php/cartographie/">CARTOGRAPHIE DE L&rsquo;INDUSTRIE HAITIENNE DE LA MUSIQUE</a>, 2016-2017</li>
</ul>

<p>AYITI MIZIK mène régulièrement des projets variés, en partenariat avec des institutions locales et internationales: ICONES DE LA MUSIQUE HAITIENNE avec la Fondation Haïti Jazz, 2010-2011 SAK PASE AYITI avec la Fondation Haïti Jazz, 2011 Compilation HAITIAN MUSIC TODAY avec &hellip; <a href="http://ayitimizik.net/index.php/projets-divers/">Continuer la lecture <span class="meta-nav">&rarr;</span></a></p>
