{"id":61,"date":"2016-07-08T10:55:19","date_gmt":"2016-07-08T08:55:19","guid":{"rendered":"http:\/\/ayitimizik.net\/?page_id=61"},"modified":"2018-09-06T23:16:07","modified_gmt":"2018-09-06T21:16:07","slug":"iconotheque","status":"publish","type":"page","link":"http:\/\/ayitimizik.net\/index.php\/iconotheque\/","title":{"rendered":"ICONOTHEQUE"},"content":{"rendered":"<h1 style=\"text-align: left;\">ICONES DE LA MUSIQUE HAITIENNE<\/h1>\n<p style=\"text-align: left;\">La Fondation Ha\u00efti Jazz en partenariat avec l\u2019Association Ayiti Mizik se propose de b\u00e2tir une premi\u00e8re banque audio-visuelle des personnes ressources du patrimoine musical ha\u00eftien tous styles confondus, afin de conserver leur m\u00e9moire autrement vou\u00e9e \u00e0 disparaitre.<\/p>\n<p>Le projet, financ\u00e9 par la Fondation de France, dans le cadre du programme FIL Culture, a permis de rencontrer 22 personnes ressources, en 2010-2011:<\/p>\n<ul>\n<li>Fritz Benjamin<\/li>\n<li>Iphares Blain<\/li>\n<li>Syto Cave<\/li>\n<li>Albert Chancy<\/li>\n<li>Joubert Chancy<\/li>\n<li>Frantz Courtois<\/li>\n<li>Andr\u00e9 D\u00e9jean<\/li>\n<li>DP Express<\/li>\n<li>Viviane Gauthier<\/li>\n<li>Raoul Guillaume<\/li>\n<li>Jean Jean Pierre<\/li>\n<li>Daniel Larivi\u00e8re<\/li>\n<li>Micheline Laudun Denis<\/li>\n<li>Nikol Levy<\/li>\n<li>Robert Martineau<\/li>\n<li>Fred Paul<\/li>\n<li>Max Piquion<\/li>\n<li>Emerante de Pradines<\/li>\n<li>Alzire Rocourt<\/li>\n<li>Nicole St Victor<\/li>\n<li>Joe Trouillot<\/li>\n<li>Herby Widma\u00efer<\/li>\n<\/ul>\n<p style=\"text-align: left;\"><strong>*Cliquez sur les images pour regarder la vid\u00e9o<\/strong><\/p>\n<div id=\"attachment_251\" style=\"width: 190px\" class=\"wp-caption alignnone\"><a href=\"https:\/\/vimeo.com\/125931878\" target=\"_blank\" rel=\"noopener\"><img aria-describedby=\"caption-attachment-251\" loading=\"lazy\" class=\"wp-image-251 size-full\" src=\"http:\/\/ayitimizik.net\/wp-content\/uploads\/2016\/07\/Fritz-Benjamin.jpg\" alt=\"Fritz Benjamin\" width=\"180\" height=\"180\" srcset=\"http:\/\/ayitimizik.net\/wp-content\/uploads\/2016\/07\/Fritz-Benjamin.jpg 180w, http:\/\/ayitimizik.net\/wp-content\/uploads\/2016\/07\/Fritz-Benjamin-150x150.jpg 150w\" sizes=\"(max-width: 180px) 100vw, 180px\" \/><\/a><p id=\"caption-attachment-251\" class=\"wp-caption-text\"><span style=\"color: #ffcc00;\">Fritz Benjamin<\/span><\/p><\/div>\n<div id=\"attachment_253\" style=\"width: 190px\" class=\"wp-caption alignleft\"><a href=\"https:\/\/vimeo.com\/126070537\" target=\"_blank\" rel=\"noopener\"><img aria-describedby=\"caption-attachment-253\" loading=\"lazy\" class=\"wp-image-253 size-full\" src=\"http:\/\/ayitimizik.net\/wp-content\/uploads\/2016\/07\/Iphar\u00c3\u00a8s-Blain.jpg\" alt=\"Iphares Blain\" width=\"180\" height=\"180\" srcset=\"http:\/\/ayitimizik.net\/wp-content\/uploads\/2016\/07\/Iphar\u00c3\u00a8s-Blain.jpg 180w, http:\/\/ayitimizik.net\/wp-content\/uploads\/2016\/07\/Iphar\u00c3\u00a8s-Blain-150x150.jpg 150w\" sizes=\"(max-width: 180px) 100vw, 180px\" \/><\/a><p id=\"caption-attachment-253\" class=\"wp-caption-text\"><span style=\"color: #ffcc00;\">Iphares Blain<\/span><\/p><\/div>\n<div id=\"attachment_264\" style=\"width: 190px\" class=\"wp-caption alignnone align none\"><a href=\"https:\/\/vimeo.com\/127050295\" target=\"_blank\" rel=\"no noopener opener\"><img aria-describedby=\"caption-attachment-264\" loading=\"lazy\" class=\"wp-image-264 size-full\" src=\"http:\/\/ayitimizik.net\/wp-content\/uploads\/2016\/07\/Sito-Cav\u00c3\u00a9.jpg\" alt=\"Sito Cave\" width=\"180\" height=\"180\" srcset=\"http:\/\/ayitimizik.net\/wp-content\/uploads\/2016\/07\/Sito-Cav\u00c3\u00a9.jpg 180w, http:\/\/ayitimizik.net\/wp-content\/uploads\/2016\/07\/Sito-Cav\u00c3\u00a9-150x150.jpg 150w\" sizes=\"(max-width: 180px) 100vw, 180px\" \/><\/a><p id=\"caption-attachment-264\" class=\"wp-caption-text\"><span style=\"color: #ffcc00;\">Sito Cave<\/span><\/p><\/div>\n<div id=\"attachment_243\" style=\"width: 190px\" class=\"wp-caption alignleft\"><a href=\"https:\/\/vimeo.com\/125918901\" target=\"_blank\" rel=\"noopener\"><img aria-describedby=\"caption-attachment-243\" loading=\"lazy\" class=\"wp-image-243 size-full\" src=\"http:\/\/ayitimizik.net\/wp-content\/uploads\/2016\/07\/Albert-Chancy.jpg\" alt=\"Albert Chancy\" width=\"180\" height=\"180\" srcset=\"http:\/\/ayitimizik.net\/wp-content\/uploads\/2016\/07\/Albert-Chancy.jpg 180w, http:\/\/ayitimizik.net\/wp-content\/uploads\/2016\/07\/Albert-Chancy-150x150.jpg 150w\" sizes=\"(max-width: 180px) 100vw, 180px\" \/><\/a><p id=\"caption-attachment-243\" class=\"wp-caption-text\"><span style=\"color: #ffcc00;\">Albert Chancy<\/span><\/p><\/div>\n<div id=\"attachment_256\" style=\"width: 190px\" class=\"wp-caption alignleft\"><a href=\"https:\/\/vimeo.com\/126519553\" target=\"_blank\" rel=\"noopener\"><img aria-describedby=\"caption-attachment-256\" loading=\"lazy\" class=\"wp-image-256 size-full\" src=\"http:\/\/ayitimizik.net\/wp-content\/uploads\/2016\/07\/Loubert-Chancy.jpg\" alt=\"Loubert Chancy\" width=\"180\" height=\"180\" srcset=\"http:\/\/ayitimizik.net\/wp-content\/uploads\/2016\/07\/Loubert-Chancy.jpg 180w, http:\/\/ayitimizik.net\/wp-content\/uploads\/2016\/07\/Loubert-Chancy-150x150.jpg 150w\" sizes=\"(max-width: 180px) 100vw, 180px\" \/><\/a><p id=\"caption-attachment-256\" class=\"wp-caption-text\"><span style=\"color: #ffcc00;\">Loubert Chancy<\/span><\/p><\/div>\n<div id=\"attachment_249\" style=\"width: 190px\" class=\"wp-caption alignnone\"><a href=\"https:\/\/vimeo.com\/125965514\" target=\"_blank\" rel=\"noopener\"><img aria-describedby=\"caption-attachment-249\" loading=\"lazy\" class=\"wp-image-249 size-full\" src=\"http:\/\/ayitimizik.net\/wp-content\/uploads\/2016\/07\/Frantz-Courtois.jpg\" alt=\"Frantz Courtois\" width=\"180\" height=\"180\" srcset=\"http:\/\/ayitimizik.net\/wp-content\/uploads\/2016\/07\/Frantz-Courtois.jpg 180w, http:\/\/ayitimizik.net\/wp-content\/uploads\/2016\/07\/Frantz-Courtois-150x150.jpg 150w\" sizes=\"(max-width: 180px) 100vw, 180px\" \/><\/a><p id=\"caption-attachment-249\" class=\"wp-caption-text\"><span style=\"color: #ffcc00;\">Frantz Courtois<\/span><\/p><\/div>\n<div id=\"attachment_276\" style=\"width: 190px\" class=\"wp-caption alignnone align left\"><a href=\"https:\/\/vimeo.com\/125956484\" target=\"_blank\" rel=\"no noopener opener\"><img aria-describedby=\"caption-attachment-276\" loading=\"lazy\" class=\"wp-image-276 size-full\" src=\"http:\/\/ayitimizik.net\/wp-content\/uploads\/2016\/07\/andre.jpg\" alt=\"ANDRE DEJEAN \" width=\"180\" height=\"180\" srcset=\"http:\/\/ayitimizik.net\/wp-content\/uploads\/2016\/07\/andre.jpg 180w, http:\/\/ayitimizik.net\/wp-content\/uploads\/2016\/07\/andre-150x150.jpg 150w\" sizes=\"(max-width: 180px) 100vw, 180px\" \/><\/a><p id=\"caption-attachment-276\" class=\"wp-caption-text\"><span style=\"color: #ffcc00;\">Andre Dejean<\/span><\/p><\/div>\n<div id=\"attachment_247\" style=\"width: 190px\" class=\"wp-caption alignnone align none\"><a href=\"https:\/\/vimeo.com\/125965512\" target=\"_blank\" rel=\"noopener\"><img aria-describedby=\"caption-attachment-247\" loading=\"lazy\" class=\"wp-image-247 size-full\" src=\"http:\/\/ayitimizik.net\/wp-content\/uploads\/2016\/07\/DP-Expresse.jpg\" alt=\"DP Expresse\" width=\"180\" height=\"180\" srcset=\"http:\/\/ayitimizik.net\/wp-content\/uploads\/2016\/07\/DP-Expresse.jpg 180w, http:\/\/ayitimizik.net\/wp-content\/uploads\/2016\/07\/DP-Expresse-150x150.jpg 150w\" sizes=\"(max-width: 180px) 100vw, 180px\" \/><\/a><p id=\"caption-attachment-247\" class=\"wp-caption-text\"><span style=\"color: #ffcc00;\">DP<\/span><span style=\"color: #ffcc00;\"> Expre<\/span><span style=\"color: #ffcc00;\">sse<\/span><\/p><\/div>\n<div id=\"attachment_241\" style=\"width: 190px\" class=\"wp-caption alignnone align none\"><a href=\"https:\/\/vimeo.com\/127060437\" target=\"_blank\" rel=\"noopener\"><img aria-describedby=\"caption-attachment-241\" loading=\"lazy\" class=\"wp-image-241 size-full\" src=\"http:\/\/ayitimizik.net\/wp-content\/uploads\/2016\/07\/Viviane-Gauthier.jpg\" alt=\"Viviane Gauthier\" width=\"180\" height=\"180\" srcset=\"http:\/\/ayitimizik.net\/wp-content\/uploads\/2016\/07\/Viviane-Gauthier.jpg 180w, http:\/\/ayitimizik.net\/wp-content\/uploads\/2016\/07\/Viviane-Gauthier-150x150.jpg 150w\" sizes=\"(max-width: 180px) 100vw, 180px\" \/><\/a><p id=\"caption-attachment-241\" class=\"wp-caption-text\"><span style=\"color: #ffcc00;\">Viviane Gauthier<\/span><\/p><\/div>\n<div id=\"attachment_262\" style=\"width: 190px\" class=\"wp-caption alignleft\"><a href=\"https:\/\/vimeo.com\/127040956\" target=\"_blank\" rel=\"noopener\"><img aria-describedby=\"caption-attachment-262\" loading=\"lazy\" class=\"wp-image-262 size-full\" src=\"http:\/\/ayitimizik.net\/wp-content\/uploads\/2016\/07\/Robert-Denis.jpg\" alt=\"RAUL GUILLAUME \" width=\"180\" height=\"180\" \/><\/a><p id=\"caption-attachment-262\" class=\"wp-caption-text\"><span style=\"color: #ffcc00;\">Raul Guillaume<\/span><\/p><\/div>\n<div id=\"attachment_254\" style=\"width: 190px\" class=\"wp-caption alignnone\"><a href=\"https:\/\/vimeo.com\/126070539\" target=\"_blank\" rel=\"noopener\"><img aria-describedby=\"caption-attachment-254\" loading=\"lazy\" class=\"wp-image-254 size-full\" src=\"http:\/\/ayitimizik.net\/wp-content\/uploads\/2016\/07\/Jean-Jean-Pierre.jpg\" alt=\"Jean Jean Pierre\" width=\"180\" height=\"180\" srcset=\"http:\/\/ayitimizik.net\/wp-content\/uploads\/2016\/07\/Jean-Jean-Pierre.jpg 180w, http:\/\/ayitimizik.net\/wp-content\/uploads\/2016\/07\/Jean-Jean-Pierre-150x150.jpg 150w\" sizes=\"(max-width: 180px) 100vw, 180px\" \/><\/a><p id=\"caption-attachment-254\" class=\"wp-caption-text\"><span style=\"color: #ffcc00;\">Jean Jean Pierre<\/span><\/p><\/div>\n<div id=\"attachment_246\" style=\"width: 190px\" class=\"wp-caption alignnone align left\"><a href=\"https:\/\/vimeo.com\/125965510\" target=\"_blank\" rel=\"no noopener opener\"><img aria-describedby=\"caption-attachment-246\" loading=\"lazy\" class=\"wp-image-246 size-full\" src=\"http:\/\/ayitimizik.net\/wp-content\/uploads\/2016\/07\/Daniel-Larivi\u00c3\u00a8re.jpg\" alt=\"Daniel Lariviere\" width=\"180\" height=\"180\" srcset=\"http:\/\/ayitimizik.net\/wp-content\/uploads\/2016\/07\/Daniel-Larivi\u00c3\u00a8re.jpg 180w, http:\/\/ayitimizik.net\/wp-content\/uploads\/2016\/07\/Daniel-Larivi\u00c3\u00a8re-150x150.jpg 150w\" sizes=\"(max-width: 180px) 100vw, 180px\" \/><\/a><p id=\"caption-attachment-246\" class=\"wp-caption-text\"><span style=\"color: #ffcc00;\">Daniel Lariviere<\/span><\/p><\/div>\n<div id=\"attachment_258\" style=\"width: 190px\" class=\"wp-caption alignleft\"><a href=\"https:\/\/vimeo.com\/126534617\" target=\"_blank\" rel=\"noopener\"><img aria-describedby=\"caption-attachment-258\" loading=\"lazy\" class=\"wp-image-258 size-full\" src=\"http:\/\/ayitimizik.net\/wp-content\/uploads\/2016\/07\/Micheline-Laudun-Denis.jpg\" alt=\"Micheline Laudun Denis\" width=\"180\" height=\"180\" srcset=\"http:\/\/ayitimizik.net\/wp-content\/uploads\/2016\/07\/Micheline-Laudun-Denis.jpg 180w, http:\/\/ayitimizik.net\/wp-content\/uploads\/2016\/07\/Micheline-Laudun-Denis-150x150.jpg 150w\" sizes=\"(max-width: 180px) 100vw, 180px\" \/><\/a><p id=\"caption-attachment-258\" class=\"wp-caption-text\"><span style=\"color: #ffcc00;\">Micheline Laudun Denis<\/span><\/p><\/div>\n<div id=\"attachment_260\" style=\"width: 190px\" class=\"wp-caption alignleft\"><a href=\"https:\/\/vimeo.com\/126548138\" target=\"_blank\" rel=\"noopener\"><img aria-describedby=\"caption-attachment-260\" loading=\"lazy\" class=\"wp-image-260 size-full\" src=\"http:\/\/ayitimizik.net\/wp-content\/uploads\/2016\/07\/Nikol-Levy.jpg\" alt=\"Nikol Levy\" width=\"180\" height=\"180\" srcset=\"http:\/\/ayitimizik.net\/wp-content\/uploads\/2016\/07\/Nikol-Levy.jpg 180w, http:\/\/ayitimizik.net\/wp-content\/uploads\/2016\/07\/Nikol-Levy-150x150.jpg 150w\" sizes=\"(max-width: 180px) 100vw, 180px\" \/><\/a><p id=\"caption-attachment-260\" class=\"wp-caption-text\"><span style=\"color: #ffcc00;\">Nikol Levy<\/span><\/p><\/div>\n<div id=\"attachment_263\" style=\"width: 190px\" class=\"wp-caption alignnone\"><a href=\"https:\/\/vimeo.com\/127040963\" target=\"_blank\" rel=\"noopener\"><img aria-describedby=\"caption-attachment-263\" loading=\"lazy\" class=\"wp-image-263 size-full\" src=\"http:\/\/ayitimizik.net\/wp-content\/uploads\/2016\/07\/Robert-Martino.jpg\" alt=\"Robert Martineau\" width=\"180\" height=\"180\" srcset=\"http:\/\/ayitimizik.net\/wp-content\/uploads\/2016\/07\/Robert-Martino.jpg 180w, http:\/\/ayitimizik.net\/wp-content\/uploads\/2016\/07\/Robert-Martino-150x150.jpg 150w\" sizes=\"(max-width: 180px) 100vw, 180px\" \/><\/a><p id=\"caption-attachment-263\" class=\"wp-caption-text\"><span style=\"color: #ffcc00;\">Robert Martineau<\/span><\/p><\/div>\n<div id=\"attachment_250\" style=\"width: 190px\" class=\"wp-caption alignleft\"><a href=\"https:\/\/vimeo.com\/126006672\" target=\"_blank\" rel=\"noopener\"><img aria-describedby=\"caption-attachment-250\" loading=\"lazy\" class=\"wp-image-250 size-full\" src=\"http:\/\/ayitimizik.net\/wp-content\/uploads\/2016\/07\/Fred-Paul.jpg\" alt=\"Fred Paul\" width=\"180\" height=\"180\" srcset=\"http:\/\/ayitimizik.net\/wp-content\/uploads\/2016\/07\/Fred-Paul.jpg 180w, http:\/\/ayitimizik.net\/wp-content\/uploads\/2016\/07\/Fred-Paul-150x150.jpg 150w\" sizes=\"(max-width: 180px) 100vw, 180px\" \/><\/a><p id=\"caption-attachment-250\" class=\"wp-caption-text\"><span style=\"color: #ffcc00;\">Fred Paul<\/span><\/p><\/div>\n<div id=\"attachment_257\" style=\"width: 190px\" class=\"wp-caption alignnone align none\"><a href=\"https:\/\/vimeo.com\/126524744\" target=\"_blank\" rel=\"noopener\"><img aria-describedby=\"caption-attachment-257\" loading=\"lazy\" class=\"wp-image-257 size-full\" src=\"http:\/\/ayitimizik.net\/wp-content\/uploads\/2016\/07\/Max-Piquion.jpg\" alt=\"Max Piquion\" width=\"180\" height=\"180\" srcset=\"http:\/\/ayitimizik.net\/wp-content\/uploads\/2016\/07\/Max-Piquion.jpg 180w, http:\/\/ayitimizik.net\/wp-content\/uploads\/2016\/07\/Max-Piquion-150x150.jpg 150w\" sizes=\"(max-width: 180px) 100vw, 180px\" \/><\/a><p id=\"caption-attachment-257\" class=\"wp-caption-text\"><span style=\"color: #ffcc00;\">Max Piquion<\/span><\/p><\/div>\n<div id=\"attachment_248\" style=\"width: 190px\" class=\"wp-caption alignleft\"><a style=\"color: #ffcc00;\" href=\"https:\/\/vimeo.com\/125965513\" target=\"_blank\" rel=\"noopener\"><img aria-describedby=\"caption-attachment-248\" loading=\"lazy\" class=\"wp-image-248 size-full\" src=\"http:\/\/ayitimizik.net\/wp-content\/uploads\/2016\/07\/Emerante-De-Pradine.jpg\" alt=\"Emerante De Pradine\" width=\"180\" height=\"180\" srcset=\"http:\/\/ayitimizik.net\/wp-content\/uploads\/2016\/07\/Emerante-De-Pradine.jpg 180w, http:\/\/ayitimizik.net\/wp-content\/uploads\/2016\/07\/Emerante-De-Pradine-150x150.jpg 150w\" sizes=\"(max-width: 180px) 100vw, 180px\" \/><\/a><p id=\"caption-attachment-248\" class=\"wp-caption-text\"><span style=\"color: #ffcc00;\">Emerante De Pradine<\/span><\/p><\/div>\n<div id=\"attachment_244\" style=\"width: 190px\" class=\"wp-caption alignnone\"><a href=\"https:\/\/vimeo.com\/125956483\" target=\"_blank\" rel=\"noopener\"><img aria-describedby=\"caption-attachment-244\" loading=\"lazy\" class=\"wp-image-244 size-full\" src=\"http:\/\/ayitimizik.net\/wp-content\/uploads\/2016\/07\/Alzyre-Rocourt.jpg\" alt=\"Alzyre Rocourt\" width=\"180\" height=\"180\" srcset=\"http:\/\/ayitimizik.net\/wp-content\/uploads\/2016\/07\/Alzyre-Rocourt.jpg 180w, http:\/\/ayitimizik.net\/wp-content\/uploads\/2016\/07\/Alzyre-Rocourt-150x150.jpg 150w\" sizes=\"(max-width: 180px) 100vw, 180px\" \/><\/a><p id=\"caption-attachment-244\" class=\"wp-caption-text\"><span style=\"color: #ffcc00;\">Alzyre Rocourt<\/span><\/p><\/div>\n<div id=\"attachment_259\" style=\"width: 190px\" class=\"wp-caption alignnone\"><a href=\"https:\/\/vimeo.com\/126551906\" target=\"_blank\" rel=\"noopener\"><img aria-describedby=\"caption-attachment-259\" loading=\"lazy\" class=\"wp-image-259 size-full\" src=\"http:\/\/ayitimizik.net\/wp-content\/uploads\/2016\/07\/Nicole-Saint-Victor.jpg\" alt=\"Nicole Saint Victor\" width=\"180\" height=\"180\" srcset=\"http:\/\/ayitimizik.net\/wp-content\/uploads\/2016\/07\/Nicole-Saint-Victor.jpg 180w, http:\/\/ayitimizik.net\/wp-content\/uploads\/2016\/07\/Nicole-Saint-Victor-150x150.jpg 150w\" sizes=\"(max-width: 180px) 100vw, 180px\" \/><\/a><p id=\"caption-attachment-259\" class=\"wp-caption-text\"><span style=\"color: #ffcc00;\">Nicole Saint Victor<\/span><\/p><\/div>\n<div id=\"attachment_255\" style=\"width: 190px\" class=\"wp-caption alignnone\"><a href=\"https:\/\/vimeo.com\/126070540\" target=\"_blank\" rel=\"noopener\"><img aria-describedby=\"caption-attachment-255\" loading=\"lazy\" class=\"wp-image-255 size-full\" src=\"http:\/\/ayitimizik.net\/wp-content\/uploads\/2016\/07\/Joe-Trouillot.jpg\" alt=\"Joe Trouillot\" width=\"180\" height=\"180\" srcset=\"http:\/\/ayitimizik.net\/wp-content\/uploads\/2016\/07\/Joe-Trouillot.jpg 180w, http:\/\/ayitimizik.net\/wp-content\/uploads\/2016\/07\/Joe-Trouillot-150x150.jpg 150w\" sizes=\"(max-width: 180px) 100vw, 180px\" \/><\/a><p id=\"caption-attachment-255\" class=\"wp-caption-text\"><span style=\"color: #ffcc00;\">Joe Trouillot<\/span><\/p><\/div>\n<div id=\"attachment_252\" style=\"width: 190px\" class=\"wp-caption align left\"><a href=\"https:\/\/vimeo.com\/126011947\" target=\"_blank\" rel=\"noopener\"><img aria-describedby=\"caption-attachment-252\" loading=\"lazy\" class=\"wp-image-252 size-full\" src=\"http:\/\/ayitimizik.net\/wp-content\/uploads\/2016\/07\/Herbie-Widmaier.jpg\" alt=\"Herbie Widmaier\" width=\"180\" height=\"180\" srcset=\"http:\/\/ayitimizik.net\/wp-content\/uploads\/2016\/07\/Herbie-Widmaier.jpg 180w, http:\/\/ayitimizik.net\/wp-content\/uploads\/2016\/07\/Herbie-Widmaier-150x150.jpg 150w\" sizes=\"(max-width: 180px) 100vw, 180px\" \/><\/a><p id=\"caption-attachment-252\" class=\"wp-caption-text\">Herby Widmaier<\/p><\/div>\n<p><img loading=\"lazy\" src=\"http:\/\/ayitimizik.net\/wp-content\/uploads\/2018\/09\/Logo-iconotheque.jpg\" alt=\"\" width=\"450\" height=\"104\" class=\"alignleft size-full wp-image-1144\" \/><\/p>\n","protected":false},"excerpt":{"rendered":"<p>ICONES DE LA MUSIQUE HAITIENNE La Fondation Ha\u00efti Jazz en partenariat avec l\u2019Association Ayiti Mizik se propose de b\u00e2tir une premi\u00e8re banque audio-visuelle des personnes ressources du patrimoine musical ha\u00eftien tous styles confondus, afin de conserver leur m\u00e9moire autrement vou\u00e9e &hellip; <a href=\"http:\/\/ayitimizik.net\/index.php\/iconotheque\/\">Continuer la lecture <span class=\"meta-nav\">&rarr;<\/span><\/a><\/p>\n","protected":false},"author":2,"featured_media":0,"parent":0,"menu_order":0,"comment_status":"closed","ping_status":"closed","template":"","meta":[],"_links":{"self":[{"href":"http:\/\/ayitimizik.net\/index.php\/wp-json\/wp\/v2\/pages\/61"}],"collection":[{"href":"http:\/\/ayitimizik.net\/index.php\/wp-json\/wp\/v2\/pages"}],"about":[{"href":"http:\/\/ayitimizik.net\/index.php\/wp-json\/wp\/v2\/types\/page"}],"author":[{"embeddable":true,"href":"http:\/\/ayitimizik.net\/index.php\/wp-json\/wp\/v2\/users\/2"}],"replies":[{"embeddable":true,"href":"http:\/\/ayitimizik.net\/index.php\/wp-json\/wp\/v2\/comments?post=61"}],"version-history":[{"count":20,"href":"http:\/\/ayitimizik.net\/index.php\/wp-json\/wp\/v2\/pages\/61\/revisions"}],"predecessor-version":[{"id":1145,"href":"http:\/\/ayitimizik.net\/index.php\/wp-json\/wp\/v2\/pages\/61\/revisions\/1145"}],"wp:attachment":[{"href":"http:\/\/ayitimizik.net\/index.php\/wp-json\/wp\/v2\/media?parent=61"}],"curies":[{"name":"wp","href":"https:\/\/api.w.org\/{rel}","templated":true}]}}