{"id":52,"date":"2016-07-08T10:53:57","date_gmt":"2016-07-08T08:53:57","guid":{"rendered":"http:\/\/ayitimizik.net\/?page_id=52"},"modified":"2018-09-18T00:10:40","modified_gmt":"2018-09-17T22:10:40","slug":"cartographie","status":"publish","type":"page","link":"http:\/\/ayitimizik.net\/index.php\/cartographie\/","title":{"rendered":"CARTOGRAPHIE DE L&rsquo;INDUSTRIE HA\u00cfTIENNE DE LA MUSIQUE"},"content":{"rendered":"<p>L\u2019association ha\u00eftienne des professionnels de la musique a gagn\u00e9 en 2016\u00a0l\u2019appel \u00e0 proposition du Fonds International pour la Diversit\u00e9 Culturelle\u00a0de l\u2019UNESCO gr\u00e2ce auquel elle a pu, avec le soutien d\u2019autres partenaires\u00a0financiers et op\u00e9rationnels, lancer le projet de cartographie de l\u2019industrie\u00a0ha\u00eftienne de la musique. Ce projet comprend une enqu\u00eate de terrain aupr\u00e8s\u00a0de 1520 professionnels de la musique, des focus groups et des interviews,\u00a0qui offrent une base d\u2019informations repr\u00e9sentatives de l\u2019industrie\u00a0musicale ha\u00eftienne, \u00e0 partir de laquelle des consid\u00e9rations peuvent \u00eatre\u00a0\u00e9labor\u00e9es sur le secteur. Il inclut \u00e9galement une table ronde visant \u00e0 \u00e9tablir\u00a0un consensus sur les recommandations \u00e0 porter par les acteurs concern\u00e9s.<\/p>\n<p>L\u2019industrie ha\u00eftienne de la musique \u00e9volue dans un contexte politique instable,\u00a0o\u00f9 musique et politique sont de plus en plus imbriqu\u00e9es, m\u00eame si le\u00a0budget accord\u00e9 aux activit\u00e9s du Minist\u00e8re de la Culture limite grandement\u00a0ses possibilit\u00e9s d\u2019action structurelle.<\/p>\n<p>De son c\u00f4t\u00e9, le contexte \u00e9conomique est en d\u00e9gradation continue avec\u00a0un PIB stagnant, une balance commerciale largement n\u00e9gative et une inflation\u00a0forte depuis plus de vingt ans, qui diminue le pouvoir d\u2019achat des\u00a0Ha\u00eftiens \u00e0 mesure que la monnaie se d\u00e9pr\u00e9cie. La pauvret\u00e9 touche plus de\u00a0la moiti\u00e9 de la population, constituant un obstacle majeur \u00e0 la construction\u00a0d\u2019une \u00e9conomie de loisirs. L\u2019acc\u00e8s aux NTIC reste limit\u00e9 au regard des\u00a0autres pays de la r\u00e9gion.<\/p>\n<p>En d\u00e9pit de ces circonstances, depuis plus d\u2019un demi-si\u00e8cle, Ha\u00efti fait\u00a0preuve de vigueur et de cr\u00e9ativit\u00e9 dans presque tous les domaines\u00a0artistiques et culturels. Le pays pr\u00e9sente une vari\u00e9t\u00e9 importante de genres\u00a0musicaux. M\u00eame si le konpa reste la musique la mieux organis\u00e9e sur le plan\u00a0commercial, la tendance g\u00e9n\u00e9rale de la derni\u00e8re d\u00e9cennie est plut\u00f4t \u00e0 la\u00a0diversification de la sc\u00e8ne musicale ha\u00eftienne.<\/p>\n<p>De son c\u00f4t\u00e9, la cha\u00eene de production, telle qu\u2019elle se laisse voir \u00e0 travers les\u00a0r\u00e9ponses des professionnels du secteur enqu\u00eates, est caract\u00e9ris\u00e9e par une\u00a0hypertrophie des m\u00e9tiers de la cr\u00e9ation compar\u00e9s aux m\u00e9tiers de la production\u00a0et de la diffusion, qui transforment la cr\u00e9ation en biens et services,\u00a0et qui permettent la mise en vente aux consommateurs.<\/p>\n<p>La fragmentation de la cha\u00eene de production est accentu\u00e9e par une centralisation\u00a0territoriale tr\u00e8s forte et par la d\u00e9localisation d\u2019offres de services\u00a0dans les territoires de la diaspora.<\/p>\n<p>Les acteurs du secteur sont pour la majorit\u00e9 des individus contractuels\u00a0ind\u00e9pendants qui travaillent de mani\u00e8re informelle. Ils tirent leurs revenus\u00a0principalement des repr\u00e9sentations live qui se jouent dans les espaces ouverts\u00a0plut\u00f4t que dans le cadre plus conventionnel des bals et des concerts.\u00a0Toutefois, leurs revenus restent modestes et d\u00e9montrent la difficult\u00e9 \u00e0 faire\u00a0face aux d\u00e9penses g\u00e9n\u00e9rales li\u00e9es \u00e0 l\u2019exercice de leurs professions, notamment aux co\u00fbts de production des repr\u00e9sentations live qui sont la principale\u00a0activit\u00e9 du secteur. Auto-producteurs de fait, les professionnels sont\u00a0contraints de financer eux-m\u00eames leurs activit\u00e9s, en l\u2019absence de structuration\u00a0administrative et de facilit\u00e9 de cr\u00e9dit bancaire. Le sponsoring est\u00a0la ressource la plus utilis\u00e9e m\u00eame si elle reste limit\u00e9e, notamment par les\u00a0conditions \u00e9conomiques g\u00e9n\u00e9rales du pays.<\/p>\n<p>L\u2019absence de syst\u00e8me efficace de gestion des droits d\u2019auteur constitue\u00a0\u00e9galement un manque \u00e0 gagner consid\u00e9rable pour les cr\u00e9ateurs.<\/p>\n<p>Toutefois, depuis quelques ann\u00e9es, des compagnies \u00e9trang\u00e8res ont d\u00e9cid\u00e9\u00a0d\u2019investir dans la production d\u2019artistes ha\u00eftiens. De son c\u00f4t\u00e9, la diaspora\u00a0offre une plateforme de visibilit\u00e9 et un march\u00e9 plus r\u00e9mun\u00e9rateur, alors\u00a0que l\u2019exportation des artistes ha\u00eftiens et de leurs productions est confront\u00e9e\u00a0\u00e0 des probl\u00e8mes, parmi lesquels les difficult\u00e9s de circulation (visa), le\u00a0co\u00fbt des transports internationaux et l\u2019absence de v\u00e9ritable support institutionnel.<\/p>\n<p>En effet, si l\u2019appareil d\u2019Etat dispose d\u2019un nombre assez consid\u00e9rable d\u2019organismes\u00a0impliqu\u00e9s \u00e0 divers titres dans le secteur, il ne poss\u00e8de pas de\u00a0l\u00e9gislation adapt\u00e9e ni de politique sp\u00e9cifique pour son renforcement et\u00a0son d\u00e9veloppement.<\/p>\n<p>Parall\u00e8lement, plus d\u2019une douzaine d\u2019institutions nationales et internationales\u00a0interviennent dans le secteur, avec des missions sp\u00e9cifiques, qui ne\u00a0sont pas coordonn\u00e9es.<\/p>\n<p>En conclusion, l\u2019industrie ha\u00eftienne de la musique pr\u00e9sente plusieurs atouts,\u00a0parmi lesquels un h\u00e9ritage culturel vigoureux et original, un public extr\u00eamement\u00a0r\u00e9ceptif \u00e0 la musique et la grande combativit\u00e9 de ses acteurs pour\u00a0pallier le manque de soutien et d\u2019infrastructures. Toutefois, les faiblesses\u00a0inh\u00e9rentes au secteur, notamment le manque de formation professionnelle\u00a0ainsi que le manque d\u2019encadrement et d\u2019infrastructures adapt\u00e9es limitent\u00a0grandement son d\u00e9veloppement \u00e9conomique et social. Les conditions\u00a0\u00e9conomiques chaque fois plus difficiles, l\u2019instabilit\u00e9 de l\u2019Etat et sa faiblesse\u00a0constituent des obstacles majeurs qui pourraient \u00eatre contrebalanc\u00e9s par\u00a0une strat\u00e9gie misant sur la jeunesse de la population et l\u2019existence d\u2019une\u00a0diaspora active au niveau international.\u00a0Les recommandations finales, \u00e9labor\u00e9es lors de la table ronde de concertation\u00a0du 25 mai 2017, portent donc \u00e0 la fois sur la reconnaissance l\u00e9gale des\u00a0professionnels et la r\u00e9glementation encadrant leurs activit\u00e9s, le soutien \u00e0\u00a0la cr\u00e9ation, \u00e0 la production et \u00e0 la diffusion des oeuvres en Ha\u00efti et \u00e0 l\u2019\u00e9tranger,\u00a0ainsi que sur la gestion efficace des droits d\u2019auteur. Elles s\u2019adressent \u00e0\u00a0l\u2019Etat ainsi qu\u2019aux acteurs du secteur dont la mobilisation est fondamentale\u00a0pour le d\u00e9veloppement de l\u2019industrie ha\u00eftienne de la musique.<\/p>\n<p>Le projet de cartographie de l&rsquo;industrie ha\u00eftienne la musique a re\u00e7u l&rsquo;appui de l&rsquo;UNESCO \u00e0 travers le\u00a0Fonds International pour la Diversit\u00e9 Culturelle ainsi que le\u00a0soutien financier d\u2019autres partenaires tels que l\u2019Ambassade de Suisse en Ha\u00efti, l\u2019Organisation International de la Francophonie, la Fondation Connaissance et Libert\u00e9 (FOKAL) et la Fondation Lucienne Deschamps. Il a b\u00e9n\u00e9fici\u00e9 du soutien op\u00e9rationnel du Minist\u00e8re de la Culture et de la Communication, du Minist\u00e8re du Tourisme et des Industries cr\u00e9atives, du Centre de Facilitation des Investissements, de l\u2019Institut Fran\u00e7ais et du R\u00e9seau des Alliances Fran\u00e7aises en Ha\u00efti, du Nouvelliste et de Radio T\u00e9l\u00e9 M\u00e9tropole.<\/p>\n<p>Consulter la cartographie de l&rsquo;industrie ha\u00eftienne de la musique\u00a0en cliquant sur l&rsquo;image :<a href=\"https:\/\/fr.unesco.org\/creativity\/sites\/creativity\/files\/rapport_cartographie_musique_haitienne_web_secured.pdf\"><img loading=\"lazy\" class=\"alignnone size-full\" src=\"https:\/\/fr.unesco.org\/creativity\/sites\/creativity\/files\/rapport_cartographie_musique_haitienne_web_secured.pdf\" width=\"612\" height=\"792\" \/><\/a><\/p>\n","protected":false},"excerpt":{"rendered":"<p>L\u2019association ha\u00eftienne des professionnels de la musique a gagn\u00e9 en 2016\u00a0l\u2019appel \u00e0 proposition du Fonds International pour la Diversit\u00e9 Culturelle\u00a0de l\u2019UNESCO gr\u00e2ce auquel elle a pu, avec le soutien d\u2019autres partenaires\u00a0financiers et op\u00e9rationnels, lancer le projet de cartographie de l\u2019industrie\u00a0ha\u00eftienne &hellip; <a href=\"http:\/\/ayitimizik.net\/index.php\/cartographie\/\">Continuer la lecture <span class=\"meta-nav\">&rarr;<\/span><\/a><\/p>\n","protected":false},"author":2,"featured_media":0,"parent":0,"menu_order":0,"comment_status":"closed","ping_status":"closed","template":"","meta":[],"_links":{"self":[{"href":"http:\/\/ayitimizik.net\/index.php\/wp-json\/wp\/v2\/pages\/52"}],"collection":[{"href":"http:\/\/ayitimizik.net\/index.php\/wp-json\/wp\/v2\/pages"}],"about":[{"href":"http:\/\/ayitimizik.net\/index.php\/wp-json\/wp\/v2\/types\/page"}],"author":[{"embeddable":true,"href":"http:\/\/ayitimizik.net\/index.php\/wp-json\/wp\/v2\/users\/2"}],"replies":[{"embeddable":true,"href":"http:\/\/ayitimizik.net\/index.php\/wp-json\/wp\/v2\/comments?post=52"}],"version-history":[{"count":12,"href":"http:\/\/ayitimizik.net\/index.php\/wp-json\/wp\/v2\/pages\/52\/revisions"}],"predecessor-version":[{"id":1222,"href":"http:\/\/ayitimizik.net\/index.php\/wp-json\/wp\/v2\/pages\/52\/revisions\/1222"}],"wp:attachment":[{"href":"http:\/\/ayitimizik.net\/index.php\/wp-json\/wp\/v2\/media?parent=52"}],"curies":[{"name":"wp","href":"https:\/\/api.w.org\/{rel}","templated":true}]}}