{"id":41,"date":"2016-07-08T10:52:11","date_gmt":"2016-07-08T08:52:11","guid":{"rendered":"http:\/\/ayitimizik.net\/?page_id=41"},"modified":"2018-09-17T23:03:41","modified_gmt":"2018-09-17T21:03:41","slug":"formations","status":"publish","type":"page","link":"http:\/\/ayitimizik.net\/index.php\/formations\/","title":{"rendered":"FORMATIONS"},"content":{"rendered":"<p>AYITI MIZIK accorde une place fondamentale \u00e0 la formation des professionnels du secteur de la musique.<\/p>\n<p>Avant la cr\u00e9ation du Centre de Ressources pour la musique, elle a organis\u00e9 des formations en direction des musiciens et des techniciens ha\u00eftiens.<\/p>\n<p><u>2010<\/u><\/p>\n<ul>\n<li>Formation aux techniques de voix et guitare, par le guitariste fran\u00e7ais Camel Zekri, organis\u00e9e avec le soutien de Cultures France, en partenariat avec Caracoli, l\u2019Ecole Nationale des Arts (ENARTS), la Fondation Konesans e Lib\u00e8te (FOKAL), l\u2019Institut Fran\u00e7ais d\u2019Ha\u00efti et la Fondation Ha\u00efti Jazz<\/li>\n<\/ul>\n<p><u>2011<\/u><\/p>\n<ul>\n<li>Atelier Son carnaval\u00a0par Mushy Widmaier<\/li>\n<li>Atelier Son studio par Robert Denis<\/li>\n<li>Atelier Son live\u00a0par Antoine Canella<\/li>\n<li>Atelier Management avec Pascale Jaunay, Charlot Murat, Fito Hyacinthe et Fred Lizaire<\/li>\n<li>Introduction aux droits d&rsquo;auteur, formation de 2 jours donn\u00e9e par Georges Andy Ren\u00e9<\/li>\n<\/ul>\n<p>Les formations suivantes ont \u00e9t\u00e9 r\u00e9alis\u00e9es dans le cadre de Kay Mizik La. Consulter les archives <a href=\"http:\/\/ayitimizik.net\/index.php\/category\/kay-mizik-la\/\">ici<\/a><\/p>\n","protected":false},"excerpt":{"rendered":"<p>AYITI MIZIK accorde une place fondamentale \u00e0 la formation des professionnels du secteur de la musique. Avant la cr\u00e9ation du Centre de Ressources pour la musique, elle a organis\u00e9 des formations en direction des musiciens et des techniciens ha\u00eftiens. 2010 &hellip; <a href=\"http:\/\/ayitimizik.net\/index.php\/formations\/\">Continuer la lecture <span class=\"meta-nav\">&rarr;<\/span><\/a><\/p>\n","protected":false},"author":2,"featured_media":0,"parent":0,"menu_order":0,"comment_status":"closed","ping_status":"closed","template":"","meta":[],"_links":{"self":[{"href":"http:\/\/ayitimizik.net\/index.php\/wp-json\/wp\/v2\/pages\/41"}],"collection":[{"href":"http:\/\/ayitimizik.net\/index.php\/wp-json\/wp\/v2\/pages"}],"about":[{"href":"http:\/\/ayitimizik.net\/index.php\/wp-json\/wp\/v2\/types\/page"}],"author":[{"embeddable":true,"href":"http:\/\/ayitimizik.net\/index.php\/wp-json\/wp\/v2\/users\/2"}],"replies":[{"embeddable":true,"href":"http:\/\/ayitimizik.net\/index.php\/wp-json\/wp\/v2\/comments?post=41"}],"version-history":[{"count":10,"href":"http:\/\/ayitimizik.net\/index.php\/wp-json\/wp\/v2\/pages\/41\/revisions"}],"predecessor-version":[{"id":1214,"href":"http:\/\/ayitimizik.net\/index.php\/wp-json\/wp\/v2\/pages\/41\/revisions\/1214"}],"wp:attachment":[{"href":"http:\/\/ayitimizik.net\/index.php\/wp-json\/wp\/v2\/media?parent=41"}],"curies":[{"name":"wp","href":"https:\/\/api.w.org\/{rel}","templated":true}]}}

<p>AYITI MIZIK accorde une place fondamentale à la formation des professionnels du secteur de la musique.</p>
<p>Avant la création du Centre de Ressources pour la musique, elle a organisé des formations en direction des musiciens et des techniciens haïtiens.</p>
<p><u>2010</u></p>
<ul>
<li>Formation aux techniques de voix et guitare, par le guitariste français Camel Zekri, organisée avec le soutien de Cultures France, en partenariat avec Caracoli, l’Ecole Nationale des Arts (ENARTS), la Fondation Konesans e Libète (FOKAL), l’Institut Français d’Haïti et la Fondation Haïti Jazz</li>
</ul>
<p><u>2011</u></p>
<ul>
<li>Atelier Son carnaval par Mushy Widmaier</li>
<li>Atelier Son studio par Robert Denis</li>
<li>Atelier Son live par Antoine Canella</li>
<li>Atelier Management avec Pascale Jaunay, Charlot Murat, Fito Hyacinthe et Fred Lizaire</li>
<li>Introduction aux droits d&rsquo;auteur, formation de 2 jours donnée par Georges Andy René</li>
</ul>
<p>Les formations suivantes ont été réalisées dans le cadre de Kay Mizik La. Consulter les archives <a href="http://ayitimizik.net/index.php/category/kay-mizik-la/">ici</a></p>

<p>AYITI MIZIK accorde une place fondamentale à la formation des professionnels du secteur de la musique. Avant la création du Centre de Ressources pour la musique, elle a organisé des formations en direction des musiciens et des techniciens haïtiens. 2010 &hellip; <a href="http://ayitimizik.net/index.php/formations/">Continuer la lecture <span class="meta-nav">&rarr;</span></a></p>
