{"id":1158,"date":"2018-09-06T23:38:31","date_gmt":"2018-09-06T21:38:31","guid":{"rendered":"http:\/\/ayitimizik.net\/?page_id=1158"},"modified":"2018-09-11T21:54:53","modified_gmt":"2018-09-11T19:54:53","slug":"sak-pase-ayiti","status":"publish","type":"page","link":"http:\/\/ayitimizik.net\/index.php\/sak-pase-ayiti\/","title":{"rendered":"SAK PASE AYITI (2011)"},"content":{"rendered":"<p><img loading=\"lazy\" class=\"alignleft  wp-image-1161\" src=\"http:\/\/ayitimizik.net\/wp-content\/uploads\/2018\/09\/sak-pase-ayiti.jpg\" alt=\"\" width=\"949\" height=\"767\" srcset=\"http:\/\/ayitimizik.net\/wp-content\/uploads\/2018\/09\/sak-pase-ayiti-525x423.jpg 525w, http:\/\/ayitimizik.net\/wp-content\/uploads\/2018\/09\/sak-pase-ayiti-372x300.jpg 372w\" sizes=\"(max-width: 949px) 100vw, 949px\" \/><\/p>\n<p><strong>FONDATION HAITI JAZZ ET AYITI MIZIK PRESENTENT\u00a0SA\u2019K PASE AYITI<\/strong><\/p>\n<p>Port\u2010au\u2010Prince, le 3 janvier 2011 \u2013 Un an apr\u00e8s la catastrophe, il \u00e9tait temps que les<\/p>\n<p>voix, les rythmes et les sons d\u2019Ha\u00efti s\u2019unissent pour battre d\u2019un seul coeur pour<\/p>\n<p>transmettre le rythme et l\u2019\u00e9nergie d\u2019une nouvelle Ha\u00efti. \u00ab\u00a0Sa\u2019k Pase Ayiti\u00a0\u00bb, une<\/p>\n<p>chanson \u00e0 la mani\u00e8re de \u00ab\u00a0We are the world\u00a0\u00bb en m\u00e9moire du tremblement de terre<\/p>\n<p>du 12 janvier, \u00e9crite et compos\u00e9e par Jo\u00ebll Widmaier et interpr\u00e9t\u00e9e par les musiciens<\/p>\n<p>ha\u00eftiens d\u2019Ha\u00efti et de la diaspora, avec la participation d\u2019amis \u00e9trangers, en<\/p>\n<p>remerciement aux artistes qui se sont mobilis\u00e9s pour le pays \u00e0 travers le monde et<\/p>\n<p>dire qu\u2019Ha\u00efti est toujours debout et va continuer \u00e0 avancer pour ses enfants.<\/p>\n<p>Initi\u00e9 et r\u00e9alis\u00e9 par St\u00e9phanie Renauld Armand, Milena Sandler Widmaier et Joel<\/p>\n<p>Widmaier, sur une id\u00e9e de Claudine Oriol, com\u00e9dienne et documentariste.<\/p>\n<p>Parmi les participants \u2026 BIC, Belo, Richard Barbot, K.k. Belizaire, Ti Coca, Renette<\/p>\n<p>Desir, Yohann Dor., Smile Fleurimont, Reginald Georges, Patrick Jeudy, L.l., Manzi,<\/p>\n<p>Mika, K.Libr\u2019 de Mistic 703, Sarah Renelik, Beethova Obas, Jonathan Perry, Fabrice<\/p>\n<p>Rouzier, Tifane, Joel Widmaier, Camel Zekri.<\/p>\n<p>Et aussi sont attendus : Jocelyne Beroard, Dener Ceide, Carimi, James Germain,<\/p>\n<p>Pauline Jean, Jean\u2010Philippe Martelly, Emeline Michel, Shoubou, Jerry Wonda<\/p>\n<p>Duplessis, Wyclef Jean\u2026<\/p>\n<p>Le partenaire du projet : C\u2019est gr\u00e2ce au support de la Brasserie Nationale (Brana)<\/p>\n<p>avec la Bi\u00e8re Prestige que le projet a pu \u00eatre concr\u00e9tis\u00e9.<\/p>\n<p>&nbsp;<\/p>\n<p><iframe loading=\"lazy\" style=\"border: none; overflow: hidden;\" src=\"https:\/\/www.facebook.com\/plugins\/video.php?href=https%3A%2F%2Fwww.facebook.com%2F179325718759060%2Fvideos%2F10150378133775160%2F&amp;show_text=0&amp;width=560\" width=\"560\" height=\"316\" frameborder=\"0\" scrolling=\"no\" allowfullscreen=\"allowfullscreen\"><\/iframe><\/p>\n","protected":false},"excerpt":{"rendered":"<p>FONDATION HAITI JAZZ ET AYITI MIZIK PRESENTENT\u00a0SA\u2019K PASE AYITI Port\u2010au\u2010Prince, le 3 janvier 2011 \u2013 Un an apr\u00e8s la catastrophe, il \u00e9tait temps que les voix, les rythmes et les sons d\u2019Ha\u00efti s\u2019unissent pour battre d\u2019un seul coeur pour transmettre &hellip; <a href=\"http:\/\/ayitimizik.net\/index.php\/sak-pase-ayiti\/\">Continuer la lecture <span class=\"meta-nav\">&rarr;<\/span><\/a><\/p>\n","protected":false},"author":2,"featured_media":0,"parent":0,"menu_order":0,"comment_status":"closed","ping_status":"closed","template":"","meta":[],"_links":{"self":[{"href":"http:\/\/ayitimizik.net\/index.php\/wp-json\/wp\/v2\/pages\/1158"}],"collection":[{"href":"http:\/\/ayitimizik.net\/index.php\/wp-json\/wp\/v2\/pages"}],"about":[{"href":"http:\/\/ayitimizik.net\/index.php\/wp-json\/wp\/v2\/types\/page"}],"author":[{"embeddable":true,"href":"http:\/\/ayitimizik.net\/index.php\/wp-json\/wp\/v2\/users\/2"}],"replies":[{"embeddable":true,"href":"http:\/\/ayitimizik.net\/index.php\/wp-json\/wp\/v2\/comments?post=1158"}],"version-history":[{"count":4,"href":"http:\/\/ayitimizik.net\/index.php\/wp-json\/wp\/v2\/pages\/1158\/revisions"}],"predecessor-version":[{"id":1187,"href":"http:\/\/ayitimizik.net\/index.php\/wp-json\/wp\/v2\/pages\/1158\/revisions\/1187"}],"wp:attachment":[{"href":"http:\/\/ayitimizik.net\/index.php\/wp-json\/wp\/v2\/media?parent=1158"}],"curies":[{"name":"wp","href":"https:\/\/api.w.org\/{rel}","templated":true}]}}

<p><img loading="lazy" class="alignleft  wp-image-1161" src="http://ayitimizik.net/wp-content/uploads/2018/09/sak-pase-ayiti.jpg" alt="" width="949" height="767" srcset="http://ayitimizik.net/wp-content/uploads/2018/09/sak-pase-ayiti-525x423.jpg 525w, http://ayitimizik.net/wp-content/uploads/2018/09/sak-pase-ayiti-372x300.jpg 372w" sizes="(max-width: 949px) 100vw, 949px" /></p>
<p><strong>FONDATION HAITI JAZZ ET AYITI MIZIK PRESENTENT SA’K PASE AYITI</strong></p>
<p>Port‐au‐Prince, le 3 janvier 2011 – Un an après la catastrophe, il était temps que les</p>
<p>voix, les rythmes et les sons d’Haïti s’unissent pour battre d’un seul coeur pour</p>
<p>transmettre le rythme et l’énergie d’une nouvelle Haïti. « Sa’k Pase Ayiti », une</p>
<p>chanson à la manière de « We are the world » en mémoire du tremblement de terre</p>
<p>du 12 janvier, écrite et composée par Joëll Widmaier et interprétée par les musiciens</p>
<p>haïtiens d’Haïti et de la diaspora, avec la participation d’amis étrangers, en</p>
<p>remerciement aux artistes qui se sont mobilisés pour le pays à travers le monde et</p>
<p>dire qu’Haïti est toujours debout et va continuer à avancer pour ses enfants.</p>
<p>Initié et réalisé par Stéphanie Renauld Armand, Milena Sandler Widmaier et Joel</p>
<p>Widmaier, sur une idée de Claudine Oriol, comédienne et documentariste.</p>
<p>Parmi les participants … BIC, Belo, Richard Barbot, K.k. Belizaire, Ti Coca, Renette</p>
<p>Desir, Yohann Dor., Smile Fleurimont, Reginald Georges, Patrick Jeudy, L.l., Manzi,</p>
<p>Mika, K.Libr’ de Mistic 703, Sarah Renelik, Beethova Obas, Jonathan Perry, Fabrice</p>
<p>Rouzier, Tifane, Joel Widmaier, Camel Zekri.</p>
<p>Et aussi sont attendus : Jocelyne Beroard, Dener Ceide, Carimi, James Germain,</p>
<p>Pauline Jean, Jean‐Philippe Martelly, Emeline Michel, Shoubou, Jerry Wonda</p>
<p>Duplessis, Wyclef Jean…</p>
<p>Le partenaire du projet : C’est grâce au support de la Brasserie Nationale (Brana)</p>
<p>avec la Bière Prestige que le projet a pu être concrétisé.</p>
<p>&nbsp;</p>
<p><iframe loading="lazy" style="border: none; overflow: hidden;" src="https://www.facebook.com/plugins/video.php?href=https%3A%2F%2Fwww.facebook.com%2F179325718759060%2Fvideos%2F10150378133775160%2F&amp;show_text=0&amp;width=560" width="560" height="316" frameborder="0" scrolling="no" allowfullscreen="allowfullscreen"></iframe></p>

<p>FONDATION HAITI JAZZ ET AYITI MIZIK PRESENTENT SA’K PASE AYITI Port‐au‐Prince, le 3 janvier 2011 – Un an après la catastrophe, il était temps que les voix, les rythmes et les sons d’Haïti s’unissent pour battre d’un seul coeur pour transmettre &hellip; <a href="http://ayitimizik.net/index.php/sak-pase-ayiti/">Continuer la lecture <span class="meta-nav">&rarr;</span></a></p>
