{"id":1156,"date":"2018-09-12T15:18:27","date_gmt":"2018-09-12T13:18:27","guid":{"rendered":"http:\/\/ayitimizik.net\/?page_id=1156"},"modified":"2018-09-12T15:53:08","modified_gmt":"2018-09-12T13:53:08","slug":"workshop-jeunes-talents","status":"publish","type":"page","link":"http:\/\/ayitimizik.net\/index.php\/workshop-jeunes-talents\/","title":{"rendered":"WORKSHOPS JEUNES TALENTS (2015-2016)"},"content":{"rendered":"<p><img loading=\"lazy\" class=\"align left size-full wp-image-1198\" src=\"http:\/\/ayitimizik.net\/wp-content\/uploads\/2018\/09\/appel-copie.jpg\" alt=\"\" width=\"950\" height=\"1343\" srcset=\"http:\/\/ayitimizik.net\/wp-content\/uploads\/2018\/09\/appel-copie.jpg 950w, http:\/\/ayitimizik.net\/wp-content\/uploads\/2018\/09\/appel-copie-299x423.jpg 299w, http:\/\/ayitimizik.net\/wp-content\/uploads\/2018\/09\/appel-copie-768x1086.jpg 768w, http:\/\/ayitimizik.net\/wp-content\/uploads\/2018\/09\/appel-copie-724x1024.jpg 724w, http:\/\/ayitimizik.net\/wp-content\/uploads\/2018\/09\/appel-copie-212x300.jpg 212w\" sizes=\"(max-width: 950px) 100vw, 950px\" \/><\/p>\n<p>Lanc\u00e9 en 2015 par l\u2019Institut fran\u00e7ais en Ha\u00efti, en collaboration avec Ayiti Mizik, avec le soutien de l\u2019Institut Fran\u00e7ais de Paris et de la Fondation Konesans e Lib\u00e8te (FOKAL), le projet \u00ab\u00a0Parrainage et Workshop jeunes talents\u00a0\u00bb est un programme de soutien \u00e0 la cr\u00e9ation et \u00e0 la structuration de la fili\u00e8re musicale en Ha\u00efti. Ce projet vise \u00e0 accompagner des jeunes talents de la sc\u00e8ne ha\u00eftienne en vue de les professionnaliser et de mieux les int\u00e9grer au secteur de la musique.<\/p>\n<p>Suite \u00e0 un appel \u00e0 candidatures lanc\u00e9 d\u00e9but 2015, un jury de professionnels de la sc\u00e8ne ha\u00eftienne a s\u00e9lectionn\u00e9 13 jeunes talents musicaux. Les b\u00e9n\u00e9ficiaires du programme ont \u00a0suivi 82h d\u2019atelier de formation et d\u2019\u00e9change avec des professionnels de la musique locaux et internationaux. Ils ont compos\u00e9 ensemble 3 morceaux qui ont \u00e9t\u00e9 pr\u00e9sent\u00e9s en premi\u00e8re partie du groupe Boukman Eksperyans \u00e0 l\u2019occasion des 70 ans de l\u2019Institut fran\u00e7ais en d\u00e9cembre 2015.<\/p>\n<p>L&rsquo;ann\u00e9e suivante, le projet a accompagn\u00e9 un groupe de 5 jeunes talents issus de l\u2019\u00e9dition 2015 dans la composition de titres originaux, l\u2019enregistrement d\u2019un album complet et la pr\u00e9paration d\u2019un concert \u00e0 l\u2019Institut Fran\u00e7ais, suivi d&rsquo;une tourn\u00e9e dans les Alliances Fran\u00e7aises. Les jeunes ont \u00e9t\u00e9 accompagn\u00e9s par Gary Lubin, en tant que professionnel de la musique et directeur artistique du groupe.<\/p>\n<p><iframe loading=\"lazy\" src=\"https:\/\/www.youtube.com\/embed\/TX5OIq-80SM\" width=\"560\" height=\"315\" frameborder=\"0\" allowfullscreen=\"allowfullscreen\"><\/iframe><\/p>\n<p>&nbsp;<\/p>\n","protected":false},"excerpt":{"rendered":"<p>Lanc\u00e9 en 2015 par l\u2019Institut fran\u00e7ais en Ha\u00efti, en collaboration avec Ayiti Mizik, avec le soutien de l\u2019Institut Fran\u00e7ais de Paris et de la Fondation Konesans e Lib\u00e8te (FOKAL), le projet \u00ab\u00a0Parrainage et Workshop jeunes talents\u00a0\u00bb est un programme de &hellip; <a href=\"http:\/\/ayitimizik.net\/index.php\/workshop-jeunes-talents\/\">Continuer la lecture <span class=\"meta-nav\">&rarr;<\/span><\/a><\/p>\n","protected":false},"author":2,"featured_media":0,"parent":0,"menu_order":0,"comment_status":"closed","ping_status":"closed","template":"","meta":[],"_links":{"self":[{"href":"http:\/\/ayitimizik.net\/index.php\/wp-json\/wp\/v2\/pages\/1156"}],"collection":[{"href":"http:\/\/ayitimizik.net\/index.php\/wp-json\/wp\/v2\/pages"}],"about":[{"href":"http:\/\/ayitimizik.net\/index.php\/wp-json\/wp\/v2\/types\/page"}],"author":[{"embeddable":true,"href":"http:\/\/ayitimizik.net\/index.php\/wp-json\/wp\/v2\/users\/2"}],"replies":[{"embeddable":true,"href":"http:\/\/ayitimizik.net\/index.php\/wp-json\/wp\/v2\/comments?post=1156"}],"version-history":[{"count":8,"href":"http:\/\/ayitimizik.net\/index.php\/wp-json\/wp\/v2\/pages\/1156\/revisions"}],"predecessor-version":[{"id":1200,"href":"http:\/\/ayitimizik.net\/index.php\/wp-json\/wp\/v2\/pages\/1156\/revisions\/1200"}],"wp:attachment":[{"href":"http:\/\/ayitimizik.net\/index.php\/wp-json\/wp\/v2\/media?parent=1156"}],"curies":[{"name":"wp","href":"https:\/\/api.w.org\/{rel}","templated":true}]}}

<p><img loading="lazy" class="align left size-full wp-image-1198" src="http://ayitimizik.net/wp-content/uploads/2018/09/appel-copie.jpg" alt="" width="950" height="1343" srcset="http://ayitimizik.net/wp-content/uploads/2018/09/appel-copie.jpg 950w, http://ayitimizik.net/wp-content/uploads/2018/09/appel-copie-299x423.jpg 299w, http://ayitimizik.net/wp-content/uploads/2018/09/appel-copie-768x1086.jpg 768w, http://ayitimizik.net/wp-content/uploads/2018/09/appel-copie-724x1024.jpg 724w, http://ayitimizik.net/wp-content/uploads/2018/09/appel-copie-212x300.jpg 212w" sizes="(max-width: 950px) 100vw, 950px" /></p>
<p>Lancé en 2015 par l’Institut français en Haïti, en collaboration avec Ayiti Mizik, avec le soutien de l’Institut Français de Paris et de la Fondation Konesans e Libète (FOKAL), le projet « Parrainage et Workshop jeunes talents » est un programme de soutien à la création et à la structuration de la filière musicale en Haïti. Ce projet vise à accompagner des jeunes talents de la scène haïtienne en vue de les professionnaliser et de mieux les intégrer au secteur de la musique.</p>
<p>Suite à un appel à candidatures lancé début 2015, un jury de professionnels de la scène haïtienne a sélectionné 13 jeunes talents musicaux. Les bénéficiaires du programme ont  suivi 82h d’atelier de formation et d’échange avec des professionnels de la musique locaux et internationaux. Ils ont composé ensemble 3 morceaux qui ont été présentés en première partie du groupe Boukman Eksperyans à l’occasion des 70 ans de l’Institut français en décembre 2015.</p>
<p>L&rsquo;année suivante, le projet a accompagné un groupe de 5 jeunes talents issus de l’édition 2015 dans la composition de titres originaux, l’enregistrement d’un album complet et la préparation d’un concert à l’Institut Français, suivi d&rsquo;une tournée dans les Alliances Françaises. Les jeunes ont été accompagnés par Gary Lubin, en tant que professionnel de la musique et directeur artistique du groupe.</p>
<p><iframe loading="lazy" src="https://www.youtube.com/embed/TX5OIq-80SM" width="560" height="315" frameborder="0" allowfullscreen="allowfullscreen"></iframe></p>
<p>&nbsp;</p>

<p>Lancé en 2015 par l’Institut français en Haïti, en collaboration avec Ayiti Mizik, avec le soutien de l’Institut Français de Paris et de la Fondation Konesans e Libète (FOKAL), le projet « Parrainage et Workshop jeunes talents » est un programme de &hellip; <a href="http://ayitimizik.net/index.php/workshop-jeunes-talents/">Continuer la lecture <span class="meta-nav">&rarr;</span></a></p>
