{"id":1146,"date":"2018-09-06T23:22:32","date_gmt":"2018-09-06T21:22:32","guid":{"rendered":"http:\/\/ayitimizik.net\/?page_id=1146"},"modified":"2018-09-11T21:55:32","modified_gmt":"2018-09-11T19:55:32","slug":"compilation-haitian-music-today","status":"publish","type":"page","link":"http:\/\/ayitimizik.net\/index.php\/compilation-haitian-music-today\/","title":{"rendered":"COMPILATION HAITIAN MUSIC TODAY (2012)"},"content":{"rendered":"<p>AYITI MIZIK s&rsquo;est associ\u00e9e \u00e0 l&rsquo;Institut Fran\u00e7ais en Ha\u00efti pour la r\u00e9alisation d&rsquo;une compilation de promotion des diff\u00e9rents courants de la musique ha\u00eftienne, projet soutenu par le programme europ\u00e9en ARCADES et le Minist\u00e8re ha\u00eftien de la Culture.<br \/>\nCette compilation \u00e9dit\u00e9e \u00e0 3 000 exemplaires a \u00e9t\u00e9 distribu\u00e9e \u00e0 l&rsquo;ensemble des professionnels participants au plus grand salon des musiques du monde, le WOMEX, qui s&rsquo;est tenu du 17 au 21 octobre 2012 en Gr\u00e8ce.<\/p>\n<p><img loading=\"lazy\" class=\"align left size-full wp-image-1147\" src=\"http:\/\/ayitimizik.net\/wp-content\/uploads\/2018\/09\/HMT_COVER.jpg\" alt=\"\" width=\"800\" height=\"722\" srcset=\"http:\/\/ayitimizik.net\/wp-content\/uploads\/2018\/09\/HMT_COVER.jpg 800w, http:\/\/ayitimizik.net\/wp-content\/uploads\/2018\/09\/HMT_COVER-469x423.jpg 469w, http:\/\/ayitimizik.net\/wp-content\/uploads\/2018\/09\/HMT_COVER-768x693.jpg 768w, http:\/\/ayitimizik.net\/wp-content\/uploads\/2018\/09\/HMT_COVER-332x300.jpg 332w\" sizes=\"(max-width: 800px) 100vw, 800px\" \/>La compilation comporte les titres suivants:<\/p>\n<ol>\n<li>JAMES GERMAIN Lenglensou (Traditional) 03:10<\/li>\n<li>RACINE MAPOU Popouri 4 (Traditional \/ Fran\u00e7ois Fortun\u00e9) 03:02<\/li>\n<li>TI COCA Chwal St Jacques (Traditional) 04:58<\/li>\n<li>SARA RENELIK Inshallah (Sara R\u00e9n\u00e9lique et Niurka Toledo) 04:10<\/li>\n<li>EROL JOSUE Gar\u00e7on solide (Erol Josu\u00e9) 04:06<\/li>\n<li>THURGOT TH\u00c9ODAT Vodou kalypso (Thurgot Th\u00e9odat) 04:46<\/li>\n<li>ORCHESTRE SEPTENTRIONAL D\u2018HAITI Pa f\u00e8 m sa (Alfred Mo\u00efse) 02:48<\/li>\n<li>KREYOL LA Frustration (Joseph Zenny \/ Stanley Herisse) 04:57<\/li>\n<li>J. PERRY Dekole (Jonathan Perry \/ Izolan \/ Shaba) 03:37<\/li>\n<li>BELO Kote moun yo (Jean Belony Murat) 03:20<\/li>\n<li>GARDY GIRAULT Legba (Traditional \/ Gardy Girault) 04:32<\/li>\n<li>ZEKLE Adiye (Joel Widmaier) 04:21<\/li>\n<li>K.LIBR\u2018 Laissez un message (Dessin Valkensy) 04:01<\/li>\n<li>BIC Reponn (Roosevelt Saillant) 03:30<\/li>\n<li>JEAN JEAN ROOSEVELT Ya danger (Jean Jean Roosevelt) 03:57<\/li>\n<li>ZING EXPERIENCE Ayibobo (Paul Beaubrun) 03:42<\/li>\n<li>MUSHY WIDMAIER Ti Djo (Traditional) 04:35<\/li>\n<\/ol>\n","protected":false},"excerpt":{"rendered":"<p>AYITI MIZIK s&rsquo;est associ\u00e9e \u00e0 l&rsquo;Institut Fran\u00e7ais en Ha\u00efti pour la r\u00e9alisation d&rsquo;une compilation de promotion des diff\u00e9rents courants de la musique ha\u00eftienne, projet soutenu par le programme europ\u00e9en ARCADES et le Minist\u00e8re ha\u00eftien de la Culture. Cette compilation \u00e9dit\u00e9e &hellip; <a href=\"http:\/\/ayitimizik.net\/index.php\/compilation-haitian-music-today\/\">Continuer la lecture <span class=\"meta-nav\">&rarr;<\/span><\/a><\/p>\n","protected":false},"author":2,"featured_media":0,"parent":0,"menu_order":0,"comment_status":"closed","ping_status":"closed","template":"","meta":[],"_links":{"self":[{"href":"http:\/\/ayitimizik.net\/index.php\/wp-json\/wp\/v2\/pages\/1146"}],"collection":[{"href":"http:\/\/ayitimizik.net\/index.php\/wp-json\/wp\/v2\/pages"}],"about":[{"href":"http:\/\/ayitimizik.net\/index.php\/wp-json\/wp\/v2\/types\/page"}],"author":[{"embeddable":true,"href":"http:\/\/ayitimizik.net\/index.php\/wp-json\/wp\/v2\/users\/2"}],"replies":[{"embeddable":true,"href":"http:\/\/ayitimizik.net\/index.php\/wp-json\/wp\/v2\/comments?post=1146"}],"version-history":[{"count":5,"href":"http:\/\/ayitimizik.net\/index.php\/wp-json\/wp\/v2\/pages\/1146\/revisions"}],"predecessor-version":[{"id":1188,"href":"http:\/\/ayitimizik.net\/index.php\/wp-json\/wp\/v2\/pages\/1146\/revisions\/1188"}],"wp:attachment":[{"href":"http:\/\/ayitimizik.net\/index.php\/wp-json\/wp\/v2\/media?parent=1146"}],"curies":[{"name":"wp","href":"https:\/\/api.w.org\/{rel}","templated":true}]}}